**3 - 133*m**2 + 39*m - 24. Let i be q(33). Calculate the greatest common divisor of 1102 and i.
58
Let r(p) = -2*p - 36. Let o be r(-28). Let k(z) = z**2 - 18*z + 129. Let m be k(o). Calculate the greatest common divisor of m and 26.
13
Suppose -8*y - 7*y + 3195 = 0. Let w(r) = 221 - r**3 + 4*r - 8*r**2 - y + r**2. Let z be w(-8). What is the highest common divisor of 10 and z?
10
Let q(t) be the first derivative of t**4/2 - 2*t**3/3 - t**2 - 8*t + 54. Let f be q(3). Calculate the highest common divisor of f and 242.
22
Let z(l) = 29*l**3 - 2*l**2 + l - 2. Let m be z(2). Let x be ((-612)/16)/(-6*2/m). Calculate the highest common divisor of 42 and x.
42
Let j be 10/65 + (-5584)/(-208). Let r(n) = 21*n**2 - 4*n + 3. Let d be r(-6). Calculate the highest common divisor of d and j.
27
Suppose -44*t + 2251 - 729 = -766. What is the highest common divisor of 4 and t?
4
Let p be 99/(-231) - 3650/(-7). Let t = 329 + p. What is the greatest common factor of 50 and t?
50
Let z be (-2)/(-5) + (-3)/(105/(-1001)). Calculate the greatest common factor of 725 and z.
29
Let o be 5 + -7 - (-618 - -8). Let m be (-2)/(6 - o/100). Let i be 0 + -1*(-2 - 23). Calculate the highest common factor of i and m.
25
Suppose -9*j + 200 = -14*j + 2*p, -2*j - 3*p - 80 = 0. Let i be ((-12)/30)/((-4)/j) + 28. What is the highest common divisor of i and 3?
3
Suppose -28*d + 28004 = -1564. Calculate the highest common divisor of 330 and d.
66
Let z = 674 - 682. Let k(g) = 2*g**2 + 14*g - 1. Let p be k(z). What is the greatest common divisor of 15 and p?
15
Let t = -17 - -22. Let i(c) = 19*c**2 + 15*c - 78. Let h be i(t). What is the highest common factor of 8 and h?
8
Suppose -p + 4 = 4*c, 4*c - 2*c + 34 = -5*p. Let s be 20/p - 10741/(-46). What is the greatest common divisor of s and 6?
3
Let t be (1857/6 + -6 + 7)*6/9. What is the highest common factor of t and 27?
9
Suppose -549 - 470 = -54*q + 493. Calculate the highest common factor of 148 and q.
4
Let x be 2/4*(14 + -8). Suppose 4*t = x*u - 47, 2*t - 75 = -3*u - t. Suppose -161 + u = -5*b. What is the highest common divisor of b and 98?
14
Let j = 2606 - -2546. Calculate the greatest common factor of j and 115.
23
Let k = 292 - 266. Suppose 445*o + k = 446*o. What is the highest common divisor of o and 130?
26
Suppose -2*r + 1910 = -5*h, 3 = -4*r + 23. Let q be ((9 - 1) + 0)/(h/(-950)). Calculate the highest common divisor of q and 180.
20
Suppose -33*n - 10080 = -81*n - 92*n. What is the greatest common divisor of n and 7752?
24
Let x(l) = 159*l**2 - 24*l + 81. Let r be x(3). Suppose r = -851*q + 857*q. Calculate the highest common factor of 90 and q.
30
Suppose 110*i - s - 30 = 109*i, 3*i = s + 94. What is the highest common factor of 62 and i?
2
Let p(j) = 8*j + 263 - 9*j + 6. Let v be p(24). Calculate the greatest common factor of v and 21.
7
Let t be ((-2)/(-4))/(6/600). Suppose -4*d - d + t = 5*m, -3*d + 9 = -4*m. Suppose -4*g + 74 = 18. Calculate the highest common factor of d and g.
7
Let k(i) = -36 + 22 + 27 - i. Let o be k(10). Suppose 256 = 4*d - l - 0*l, 3*d + o*l - 192 = 0. What is the highest common factor of 96 and d?
32
Suppose v = 109 + 50. Let l = v + -126. What is the greatest common factor of 6 and l?
3
Let m be (360/84)/(2/14). Let x be (-4)/m + (-4576)/(-120). Let a(s) = -s**3 + 3*s**2 - 17. Let c be a(-4). Calculate the highest common factor of c and x.
19
Suppose -5*y = -x - 35327, 5*x - 14820 = -2*y - 727. Calculate the highest common factor of y and 8.
8
Suppose -98*r = -100*r - 4*u + 76, r - 32 = -u. What is the greatest common divisor of 61 and r?
1
Let k be 70/8 + (-1)/(-4). Suppose 658 = 11*r + 647. What is the highest common divisor of k and r?
1
Suppose -2*b + 46 = 3*u, 5*u - 96 = -8*b + 4*b. Let l be ((-6)/(-3) - -228) + (-8)/(-4). Calculate the highest common divisor of l and b.
29
Let f(g) = -g**2 - 10*g + 8. Let q be f(6). Let a = q + 74. Let s be (-2 - 33/(-21)) + (-62)/a. Calculate the greatest common factor of s and 6.
2
Let n be (-198)/10 + (-40)/200. Let b be ((n/(-6))/5)/(3/468). What is the greatest common factor of b and 13?
13
Let i be -15*(-4)/(-30)*-3. Suppose 0 = -i*w + 7*w - 140. Let h be 4/24 + w/24. What is the greatest common divisor of 48 and h?
6
Let p be ((-130)/6 - -3)/(3 - 1282/426). What is the highest common factor of 84 and p?
28
Let t be (-1 - 3)*(-5)/2. Suppose 3*f = k + 382, -10*k - 1954 = -5*k - 4*f. Let l = -384 - k. Calculate the greatest common divisor of l and t.
10
Let h be ((-1)/(-5))/(582/424860). Calculate the greatest common divisor of 28 and h.
2
Let s(u) = 5*u**2 - 2*u. Let g be s(4). Let h be (2352/105)/(64/720). Calculate the highest common factor of h and g.
36
Let j = -1637 + 1636. Let a(k) = 5*k - 4*k + 4*k**2 + 0*k**2 + 1. Let p be a(j). What is the greatest common factor of p and 32?
4
Let l be (11 - 7)/(1 - 12/(-4)). Let b be ((-22)/(-66))/(l/165). What is the greatest common factor of b and 5?
5
Let q = -2890 + 3451. Calculate the highest common factor of 221 and q.
17
Suppose b + 221 = 2*s, 41*s - 545 = 36*s + b. What is the greatest common factor of s and 405?
27
Let u(g) = -g + 26. Let x be u(18). Let h(q) = 12*q - 14. Let i be h(x). Let d = -38 + i. Calculate the highest common divisor of d and 4.
4
Let d = 32914 - 32899. Suppose -b + 2*x + 53 = 0, 5*b + 2*x = -0*x + 217. Calculate the greatest common factor of d and b.
15
Suppose -4*p + 798 + 854 = 0. Let w be 3/(-5) - (0 + (-1252)/20). Suppose -p + w = -3*z. Calculate the greatest common factor of z and 13.
13
Let u be (22/(-33))/(3/9). Let j be 62 - 1/u*(-3 - 1). What is the greatest common divisor of j and 420?
60
Let z be 207 - (0 + 2 - 3). Let f = -5057 - -5070. What is the highest common factor of z and f?
13
Let n(o) be the second derivative of o**4/12 - 5*o**3/2 + 9*o**2/2 + 3*o - 2. Let j be n(16). Calculate the highest common factor of 250 and j.
25
Let v = -569 - -571. Suppose -3*z + 952 = 2*m, -2*z + 11 = v*m - 621. What is the greatest common divisor of z and 5?
5
Suppose 0 = -3*z - 4*w + 55, -3*z - 4*w + w + 57 = 0. Let r = 51605 + -51269. What is the highest common divisor of z and r?
21
Let h = 569 - -7479. Calculate the highest common divisor of h and 16.
16
Suppose 3*x = -z + 618, 3*z + 3*x - 814 - 1028 = 0. Calculate the highest common factor of 216 and z.
36
Suppose 63*c = 61*c - 4*n + 28, -5*n = -2*c + 55. What is the highest common factor of c and 190?
10
Suppose -g - 26 = 3*f - 77, 303 = 5*g + 3*f. Let j = g + 1. What is the greatest common divisor of 80 and j?
16
Let o be (-1)/4 + (-26)/(1352/(-139581)). What is the highest common factor of 33 and o?
11
Suppose 7895 = 12*d - 865. Let i = 935 - d. What is the highest common factor of 287 and i?
41
Let t be 2738/34*21 - (-1176)/(-9996). Calculate the greatest common divisor of t and 1513.
89
Let g(m) = -m**3 - 10*m**2 + 20*m - 29. Let d be g(-12). Suppose -2*w + d = 3. What is the highest common factor of w and 6?
2
Let q(l) = -2*l**2 - 32*l + 36. Let m(c) = c**2 + 16*c - 18. Let o(i) = -13*m(i) - 6*q(i). Let k be o(-10). What is the highest common factor of k and 104?
26
Suppose 15*m + 869 = 1184. Calculate the highest common divisor of m and 15897.
21
Suppose -219*n = -110*n - 98*n - 66. What is the greatest common factor of 1578 and n?
6
Suppose 101*w + 3*h = 97*w + 10, 3*w + 3*h = 6. What is the highest common divisor of 1132 and w?
4
Suppose -2*v + 5*v - 177 = -5*o, o = -3*v + 213. Calculate the highest common divisor of 52392 and v.
74
Let n be -3 + (372/52 - 2/13). Suppose 10 = 5*p, -a + 7*p - n*p = -48. What is the greatest common divisor of 36 and a?
18
Suppose 5529*p = 5512*p + 459. What is the greatest common divisor of p and 405?
27
Suppose 0 = 2*h - 172 + 20. Let j = h - 38. Calculate the greatest common divisor of 418 and j.
38
Let f(o) = -6*o + 1. Let n be f(-1). Suppose 0 = n*w - 926 - 397. Let z be 19 + (2 - 1) + 1. What is the highest common factor of z and w?
21
Suppose -9*c + c = 440. Let q = c - -54. Let o be ((-4)/(-8)*q)/((-3)/468). Calculate the highest common factor of o and 52.
26
Suppose -5*z = -15, -3*u + u = z - 2863. Calculate the highest common factor of 52 and u.
26
Suppose 24*f + 4635 = 27*f - 5*x, -x = -f + 1543. What is the greatest common factor of 396 and f?
44
Let h be 